 2.
10001011
Convert -a67 (base 14) to base 7.
-5660
Convert -4145 (base 6) to base 15.
-41e
What is -5796 (base 10) in base 12?
-3430
Convert -1400 (base 6) to base 2.
-101101000
What is -212100 (base 3) in base 16?
-276
What is 8 (base 10) in base 3?
22
What is -1201 (base 4) in base 8?
-141
What is -10344 (base 5) in base 15?
-334
What is 229d (base 14) in base 15?
1bb4
Convert ad2 (base 15) to base 6.
15155
Convert -3821 (base 13) to base 10.
-7970
-100001101000011 (base 2) to base 13
-7ab7
Convert -10230 (base 4) to base 9.
-363
Convert -2215 (base 7) to base 3.
-1002111
Convert -11111 (base 3) to base 15.
-81
-1223210 (base 4) to base 14
-271a
Convert cd1 (base 14) to base 15.
b40
What is -1a337 (base 13) in base 10?
-51084
Convert -178a (base 13) to base 4.
-312212
Convert 10216 (base 8) to base 2.
1000010001110
618 (base 15) to base 4
111131
Convert 13543 (base 8) to base 15.
1b92
Convert -2381 (base 9) to base 16.
-6ee
Convert -521 (base 13) to base 11.
-723
Convert 10001000100 (base 2) to base 13.
660
Convert 30522 (base 8) to base 2.
11000101010010
What is -14a90 (base 12) in base 6?
-343100
-56bb (base 16) to base 9
-33410
-523 (base 12) to base 7
-2115
Convert -386 (base 10) to base 9.
-468
What is 964 (base 14) in base 10?
1852
-e (base 15) to base 9
-15
What is 34212 (base 5) in base 11?
1911
Convert 112112 (base 3) to base 12.
288
What is -1b3a (base 12) in base 3?
-11121101
Convert -156 (base 13) to base 9.
-286
What is 3ab0 (base 15) in base 8?
30374
What is 28e (base 15) in base 3?
210122
Convert -313231 (base 4) to base 9.
-4801
-3300 (base 8) to base 11
-1331
Convert 3030 (base 5) to base 16.
186
56a2 (base 11) to base 9
11245
Convert -20533 (base 10) to base 5.
-1124113
What is 125 (base 6) in base 12?
45
Convert -10216 (base 10) to base 14.
-3a1a
-101111010 (base 2) to base 5
-3003
-27ba (base 13) to base 4
-1121202
What is -11001001011100 (base 2) in base 9?
-18614
Convert 128bb (base 15) to base 4.
32133113
Convert -100001101011011 (base 2) to base 5.
-1022433
What is 1352 (base 7) in base 6?
2235
Convert -45 (base 12) to base 7.
-104
-2454 (base 8) to base 2
-10100101100
1338 (base 11) to base 6
12011
2322331 (base 5) to base 6
523240
Convert 2544 (base 6) to base 12.
454
What is -4417 (base 16) in base 12?
-a107
What is 3c8c (base 15) in base 16?
329d
What is -a2a (base 13) in base 14?
-8b4
-323 (base 9) to base 7
-525
-3b00 (base 15) to base 10
-12600
-11032023 (base 4) to base 7
-116232
-10020012 (base 3) to base 5
-33404
-100120 (base 3) to base 14
-146
What is 7308 (base 11) in base 5?
302223
-1c3 (base 16) to base 5
-3301
What is 1440 (base 6) in base 15?
1a9
-1780 (base 12) to base 15
-c8c
-e5c (base 15) to base 11
-2483
Convert 1111 (base 7) to base 8.
620
What is 284 (base 10) in base 4?
10130
What is -832 (base 10) in base 15?
-3a7
Convert -259 (base 11) to base 6.
-1230
What is 34441 (base 7) in base 14?
32c8
-21 (base 7) to base 5
-30
Convert -32221231 (base 4) to base 8.
-165155
Convert 1234 (base 7) to base 9.
567
Convert -a30 (base 11) to base 3.
-1201001
Convert 256a (base 11) to base 10.
3343
What is 37a (base 16) in base 15?
3e5
-32021 (base 4) to base 8
-1611
Convert -1676 (base 11) to base 9.
-2837
Convert -3036 (base 8) to base 12.
-aa6
What is 26cb (base 13) in base 6?
41451
Convert 23222 (base 4) to base 12.
522
110001110 (base 2) to base 15
1b8
What is 3402 (base 7) in base 16?
4cb
What is -1430 (base 8) in base 2?
-1100011000
What is 2120010 (base 3) in base 12?
10b6
Convert -771 (base 11) to base 15.
-41a
Convert 1130121 (base 4) to base 15.
1b43
Convert 2075 (base 14) to base 4.
1113113
-705 (base 14) to base 7
-4005
Convert -1150 (base 9) to base 3.
-1011200
What is 412a (base 11) in base 7?
21653
What is 1000110100101 (base 2) in base 6?
32525
What is -3ba (base 14) in base 2?
-1011110000
Convert -2021011 (base 3) to base 9.
-2234
What is -111101 (base 4) in base 3?
-1212102
What is 133130 (base 5) in base 6?
41023
63150 (base 8) to base 2
110011001101000
What is 10772 (base 12) in base 10?
21830
Convert -a9 (base 11) to base 2.
-1110111
Convert 4b4 (base 12) to base 11.
598
6920 (base 13) to base 7
60641
What is 1332 (base 7) in base 15?
243
-44441 (base 5) to base 14
-11cd
Convert -141 (base 6) to base 8.
-75
What is 1520 (base 7) in base 11?
4a8
2c4 (base 16) to base 14
388
What is -14523 (base 11) in base 3?
-1001020210
Convert 114062 (base 9) to base 14.
1adca
What is -2303 (base 4) in base 16?
-b3
What is -44d (base 14) in base 16?
-355
What is -1100020 (base 3) in base 6?
-4310
2ee0 (base 15) to base 5
310420
What is 1123202 (base 5) in base 8?
47713
Convert -2322121 (base 4) to base 14.
-44c1
What is 15614 (base 8) in base 15?
2152
What is 1010 (base 4) in base 15?
48
Convert 42377 (base 11) to base 3.
10010121012
What is 10011001010 (base 2) in base 9?
1612
-1201111 (base 3) to base 2
-10011100111
17 (base 11) to base 9
20
Convert 2120011 (base 3) to base 9.
2504
10111000111 (base 2) to base 12
a33
Convert -20332232 (base 4) to base 10.
-36782
Convert -388 (base 16) to base 4.
-32020
What is -1907 (base 11) in base 9?
-3286
Convert -639 (base 16) to base 10.
-1593
Convert -1001021122 (base 3) to base 7.
-114053
Convert -133a (base 13) to base 10.
-2753
What is 465 (base 11) in base 15?
270
Convert 49e2 (base 16) to base 8.
44742
-855b (base 12) to base 10
-14615
-256 (base 8) to base 16
-ae
What is -5beb (base 15) in base 16?
-4c73
Convert -17477 (base 10) to base 7.
-101645
Convert -346 (base 12) to base 4.
-13212
101111000100 (base 2) to base 16
bc4
-6772 (base 9) to base 5
-130011
What is 131 (base 14) in base 13?
155
13032 (base 7) to base 10
3453
What is 1001200 (base 3) in base 12?
546
Convert -30043 (base 10) to base 2.
-111010101011011
-211201 (base 3) to base 14
-31b
What is -542 (base 6) in base 2?
-11001110
What is -2712 (base 11) in base 9?
-4743
Convert -1001011 (base 2) to base 4.
-1023
What is -333201 (base 5) in base 4?
-2312130
503531 (base 6) to base 9
60441
-141 (base 15) to base 7
-556
Convert 39927 (base 10) to base 3.
2000202210
-10514 (base 6) to base 3
-2001001
1001010 (base 3) to base 12
533
Convert -21201111 (base 3) to base 8.
-12775
What is -c (base 14) in base 16?
-c
811 (base 9) to base 5
10113
Convert 10011011 (base 2) to base 5.
1110
Convert 4310 (base 8) to base 2.
100011001000
-2011101 (base 3) to base 5
-22301
-6b46 (base 16) to base 2
-110101101000110
Convert 10ab (base 13) to base 16.
922
-1267 (base 9) to base 11
-796
Convert -1570 (base 8) to base 12.
-620
-424 (base 10) to base 16
-1a8
Convert 11300 (base 6) to base 15.
730
1400 (base 5) to base 13
144
Convert -730 (base 15) to base 11.
-1243
732 (base 13) to base 11
a13
Convert -35583 (base 11) to base 15.
-102d4
-47a (base 16) to base 11
-952
8ae (base 15) to base 6
13032
-10220 (base 5) to base 16
-2ad
Convert -1222 (base 7) to base 10.
-457
Convert 2053 (base 6) to base 8.
721
-413a (base 11) to base 13
-2662
What is 31003 (base 4) in base 7?
2302
Convert 120a3 (base 13) to base 6.
413104
Convert 1522 (base 6) to base 10.
410
What is -131030 (base 4) in base 2?
-11101001100
Convert 2660 (base 16) to base 7.
40433
What is -c (base 16) in base 12?
-10
Convert 120011 (base 4) to base 11.
1181
Convert 11101111 (base 2) to base 6.
1035
What is 1010221110 (base 3) in base 5?
1210212
Convert 1000111111000111 (base 2) to base 9.
55436
Convert -100011111011101 (base 2) to base 10.
-18397
8b23 (base 13) to base 5
1110324
Convert -a7 (base 15) to base 9.
-184
-107824 (base 9) to base 12
-3161a
What is 101111101000010 (base 2) in base 10?
24386
-7d9 (base 15) to base 10
-1779
6b29 (base 12) to base 9
17386
1453 (base 7) to base 10
577
1440 (base 6) to base 12
280
975 (base 16) to base 2
100101110101
Convert -252 (base 13) to base 2.
-110010101
-728 (base 10) to base 9
-888
351011 (base 7) to base 3
10012010002
-1aa79 (base 12) to base 9
-60223
-5565 (base 8) to base 7
-11360
What is -23753 (base 9) in base 2?
-11111000110100
75c (base 14) to base 6
10422
Convert 400133 (base 5) to base 9.
18176
Convert 1011100110 (base 2) to base 3.
1000111
Convert 5240 (base 12) to base 5.
241401
What is -6030 (base 7) in base 14?
-a87
Convert 401401 (base 5) to base 9.
18410
What is 3221 (base 9) in base 10?
